{"id":908,"date":"2020-12-10T11:01:21","date_gmt":"2020-12-10T10:01:21","guid":{"rendered":"http:\/\/efi-gest.com\/?post_type=product&#038;p=908"},"modified":"2021-02-11T13:37:56","modified_gmt":"2021-02-11T12:37:56","slug":"sopra-four-ultra-pate-concentre-nettoyage-graisses-carbonisees","status":"publish","type":"product","link":"https:\/\/efi-gest.com\/?product=sopra-four-ultra-pate-concentre-nettoyage-graisses-carbonisees","title":{"rendered":"SOPRA FOUR ULTRA p\u00e2te concentr\u00e9 nettoyage graisses carbonis\u00e9es"},"content":{"rendered":"","protected":false},"excerpt":{"rendered":"<p>Ref: 623EF<\/p>\n[button open_new_tab=\"true\" color=\"accent-color\" hover_text_color_override=\"#fff\" size=\"medium\" url=\"http:\/\/efi-gest.com\/wp-content\/uploads\/2021\/02\/FT-SOPRA-FOUR-ULTRA.pdf\" text=\"Fiche technique\" color_override=\"\"]\n[button open_new_tab=\"true\" color=\"extra-color-2\" hover_text_color_override=\"#fff\" size=\"medium\" url=\"http:\/\/efi-gest.com\/wp-content\/uploads\/2021\/02\/FDS-SOPRA-FOUR-ULTRA.pdf\" text=\"Fiche de s\u00e9curit\u00e9\" color_override=\"\"]\n","protected":false},"featured_media":1583,"template":"","meta":[],"_links":{"self":[{"href":"https:\/\/efi-gest.com\/index.php?rest_route=\/wp\/v2\/product\/908"}],"collection":[{"href":"https:\/\/efi-gest.com\/index.php?rest_route=\/wp\/v2\/product"}],"about":[{"href":"https:\/\/efi-gest.com\/index.php?rest_route=\/wp\/v2\/types\/product"}],"wp:featuredmedia":[{"embeddable":true,"href":"https:\/\/efi-gest.com\/index.php?rest_route=\/wp\/v2\/media\/1583"}],"wp:attachment":[{"href":"https:\/\/efi-gest.com\/index.php?rest_route=%2Fwp%2Fv2%2Fmedia&parent=908"}],"curies":[{"name":"wp","href":"https:\/\/api.w.org\/{rel}","templated":true}]}}