{"id":74,"date":"2020-09-28T20:37:49","date_gmt":"2020-09-28T18:37:49","guid":{"rendered":"http:\/\/efi-gest.com\/?post_type=product&#038;p=74"},"modified":"2020-12-07T11:01:43","modified_gmt":"2020-12-07T10:01:43","slug":"ph-maxi-jumbo-350m","status":"publish","type":"product","link":"https:\/\/efi-gest.com\/?product=ph-maxi-jumbo-350m","title":{"rendered":"PH Maxi jumbo lisse 350M"},"content":{"rendered":"","protected":false},"excerpt":{"rendered":"<p>Ref: 609EF<\/p>\n<p>[button open_new_tab=\"true\" color=\"accent-color\" hover_text_color_override=\"#fff\" size=\"medium\" url=\"http:\/\/efi-gest.com\/wp-content\/uploads\/2020\/09\/coronavirus_400x600_ech_1_option1_003_.pdf\" text=\"T\u00e9l\u00e9charger la fiche de s\u00e9curit\u00e9\" color_override=\"\"] [button open_new_tab=\"true\" color=\"extra-color-2\" hover_text_color_override=\"#fff\" size=\"medium\" url=\"http:\/\/efi-gest.com\/wp-content\/uploads\/2020\/09\/coronavirus_400x600_ech_1_option1_003_.pdf\" text=\"T\u00e9l\u00e9charger la fiche technique\" color_override=\"\"]<\/p>\n[button open_new_tab=\"true\" color=\"extra-color-3\" hover_text_color_override=\"#fff\" size=\"medium\" url=\"http:\/\/efi-gest.com\/wp-content\/uploads\/2020\/09\/coronavirus_400x600_ech_1_option1_003_.pdf\" text=\"Bouton Test\" color_override=\"\"]\n","protected":false},"featured_media":806,"template":"","meta":[],"_links":{"self":[{"href":"https:\/\/efi-gest.com\/index.php?rest_route=\/wp\/v2\/product\/74"}],"collection":[{"href":"https:\/\/efi-gest.com\/index.php?rest_route=\/wp\/v2\/product"}],"about":[{"href":"https:\/\/efi-gest.com\/index.php?rest_route=\/wp\/v2\/types\/product"}],"wp:featuredmedia":[{"embeddable":true,"href":"https:\/\/efi-gest.com\/index.php?rest_route=\/wp\/v2\/media\/806"}],"wp:attachment":[{"href":"https:\/\/efi-gest.com\/index.php?rest_route=%2Fwp%2Fv2%2Fmedia&parent=74"}],"curies":[{"name":"wp","href":"https:\/\/api.w.org\/{rel}","templated":true}]}}