{"id":347,"date":"2020-11-19T14:51:26","date_gmt":"2020-11-19T13:51:26","guid":{"rendered":"http:\/\/efi-gest.com\/?post_type=product&#038;p=347"},"modified":"2021-01-04T15:58:21","modified_gmt":"2021-01-04T14:58:21","slug":"serpilliere-simple-tissee-gaufree-ecrue-60x50cm-unite","status":"publish","type":"product","link":"https:\/\/efi-gest.com\/?product=serpilliere-simple-tissee-gaufree-ecrue-60x50cm-unite","title":{"rendered":"Serpilli\u00e8re simple tiss\u00e9e gaufr\u00e9e \u00e9crue 60x50cm unit\u00e9"},"content":{"rendered":"","protected":false},"excerpt":{"rendered":"<p>Ref: 12SEF<\/p>\n","protected":false},"featured_media":1117,"template":"","meta":[],"_links":{"self":[{"href":"https:\/\/efi-gest.com\/index.php?rest_route=\/wp\/v2\/product\/347"}],"collection":[{"href":"https:\/\/efi-gest.com\/index.php?rest_route=\/wp\/v2\/product"}],"about":[{"href":"https:\/\/efi-gest.com\/index.php?rest_route=\/wp\/v2\/types\/product"}],"wp:featuredmedia":[{"embeddable":true,"href":"https:\/\/efi-gest.com\/index.php?rest_route=\/wp\/v2\/media\/1117"}],"wp:attachment":[{"href":"https:\/\/efi-gest.com\/index.php?rest_route=%2Fwp%2Fv2%2Fmedia&parent=347"}],"curies":[{"name":"wp","href":"https:\/\/api.w.org\/{rel}","templated":true}]}}