{"id":252,"date":"2020-11-17T10:57:16","date_gmt":"2020-11-17T09:57:16","guid":{"rendered":"http:\/\/efi-gest.com\/?post_type=product&#038;p=252"},"modified":"2021-02-18T15:28:25","modified_gmt":"2021-02-18T14:28:25","slug":"descaler-detartrant-electromenager","status":"publish","type":"product","link":"https:\/\/efi-gest.com\/?product=descaler-detartrant-electromenager","title":{"rendered":"Descaler d\u00e9tartrant \u00e9lectrom\u00e9nager"},"content":{"rendered":"","protected":false},"excerpt":{"rendered":"<p>Ref: 755500EF<\/p>\n[button open_new_tab=\"true\" color=\"accent-color\" hover_text_color_override=\"#fff\" size=\"medium\" url=\"http:\/\/efi-gest.com\/wp-content\/uploads\/2021\/02\/Descaler-FT_fr.pdf\" text=\"Fiche technique\" color_override=\"\"]\n[button open_new_tab=\"true\" color=\"extra-color-2\" hover_text_color_override=\"#fff\" size=\"medium\" url=\"http:\/\/efi-gest.com\/wp-content\/uploads\/2021\/02\/DESCALER-msds-rev.7-FR.pdf\" text=\"Fiche de s\u00e9curit\u00e9\" color_override=\"\"]\n<p>&nbsp;<\/p>\n","protected":false},"featured_media":1225,"template":"","meta":[],"_links":{"self":[{"href":"https:\/\/efi-gest.com\/index.php?rest_route=\/wp\/v2\/product\/252"}],"collection":[{"href":"https:\/\/efi-gest.com\/index.php?rest_route=\/wp\/v2\/product"}],"about":[{"href":"https:\/\/efi-gest.com\/index.php?rest_route=\/wp\/v2\/types\/product"}],"wp:featuredmedia":[{"embeddable":true,"href":"https:\/\/efi-gest.com\/index.php?rest_route=\/wp\/v2\/media\/1225"}],"wp:attachment":[{"href":"https:\/\/efi-gest.com\/index.php?rest_route=%2Fwp%2Fv2%2Fmedia&parent=252"}],"curies":[{"name":"wp","href":"https:\/\/api.w.org\/{rel}","templated":true}]}}