{"id":214,"date":"2020-11-16T16:12:16","date_gmt":"2020-11-16T15:12:16","guid":{"rendered":"http:\/\/efi-gest.com\/?post_type=product&#038;p=214"},"modified":"2021-03-09T10:23:03","modified_gmt":"2021-03-09T09:23:03","slug":"detergent-sol-3d-ambiance-desinfectant-bactericide-dosettes","status":"publish","type":"product","link":"https:\/\/efi-gest.com\/?product=detergent-sol-3d-ambiance-desinfectant-bactericide-dosettes","title":{"rendered":"D\u00e9tergent sol 3D Ambiance d\u00e9sinfectant-bact\u00e9ricide dosettes"},"content":{"rendered":"","protected":false},"excerpt":{"rendered":"<p>Ref: NDBEF<\/p>\n[button open_new_tab=\"true\" color=\"accent-color\" hover_text_color_override=\"#fff\" size=\"medium\" url=\"https:\/\/efi-gest.com\/wp-content\/uploads\/2021\/03\/FT-Detergent-sol-3D-ambiance-dosette.pdf\" text=\"Fiche technique\" color_override=\"\"]\n[button open_new_tab=\"true\" color=\"extra-color-2\" hover_text_color_override=\"#fff\" size=\"medium\" url=\"https:\/\/efi-gest.com\/wp-content\/uploads\/2021\/03\/FDS-detergent-sol-3D-ambiance-dosette.pdf\" text=\"Fiche de s\u00e9curit\u00e9\" color_override=\"\"]\n","protected":false},"featured_media":1680,"template":"","meta":[],"_links":{"self":[{"href":"https:\/\/efi-gest.com\/index.php?rest_route=\/wp\/v2\/product\/214"}],"collection":[{"href":"https:\/\/efi-gest.com\/index.php?rest_route=\/wp\/v2\/product"}],"about":[{"href":"https:\/\/efi-gest.com\/index.php?rest_route=\/wp\/v2\/types\/product"}],"wp:featuredmedia":[{"embeddable":true,"href":"https:\/\/efi-gest.com\/index.php?rest_route=\/wp\/v2\/media\/1680"}],"wp:attachment":[{"href":"https:\/\/efi-gest.com\/index.php?rest_route=%2Fwp%2Fv2%2Fmedia&parent=214"}],"curies":[{"name":"wp","href":"https:\/\/api.w.org\/{rel}","templated":true}]}}