{"id":175,"date":"2020-11-06T11:21:06","date_gmt":"2020-11-06T10:21:06","guid":{"rendered":"http:\/\/efi-gest.com\/?post_type=product&#038;p=175"},"modified":"2020-12-07T10:03:39","modified_gmt":"2020-12-07T09:03:39","slug":"essuie-tout-a-devidage-central-gaufre-450-formats","status":"publish","type":"product","link":"https:\/\/efi-gest.com\/?product=essuie-tout-a-devidage-central-gaufre-450-formats","title":{"rendered":"Essuie-Tout \u00e0 d\u00e9vidage central gaufr\u00e9 450 formats"},"content":{"rendered":"","protected":false},"excerpt":{"rendered":"<p><strong>Ref: 582EF<\/strong><\/p>\n","protected":false},"featured_media":795,"template":"","meta":[],"_links":{"self":[{"href":"https:\/\/efi-gest.com\/index.php?rest_route=\/wp\/v2\/product\/175"}],"collection":[{"href":"https:\/\/efi-gest.com\/index.php?rest_route=\/wp\/v2\/product"}],"about":[{"href":"https:\/\/efi-gest.com\/index.php?rest_route=\/wp\/v2\/types\/product"}],"wp:featuredmedia":[{"embeddable":true,"href":"https:\/\/efi-gest.com\/index.php?rest_route=\/wp\/v2\/media\/795"}],"wp:attachment":[{"href":"https:\/\/efi-gest.com\/index.php?rest_route=%2Fwp%2Fv2%2Fmedia&parent=175"}],"curies":[{"name":"wp","href":"https:\/\/api.w.org\/{rel}","templated":true}]}}